{"id":1120,"date":"2018-06-28T10:20:43","date_gmt":"2018-06-28T10:20:43","guid":{"rendered":"http:\/\/christophsebastian.de\/?page_id=1120"},"modified":"2018-06-28T15:18:00","modified_gmt":"2018-06-28T15:18:00","slug":"die-czardasfuerstin-vereinigte-buehnen-bozen-2018","status":"publish","type":"page","link":"https:\/\/christophsebastian.de\/?page_id=1120","title":{"rendered":"Die Cz\u00e1rd\u00e1sf\u00fcrstin \/ Vereinigte B\u00fchnen Bozen 2018"},"content":{"rendered":"<p><img loading=\"lazy\" decoding=\"async\" class=\"aligncenter size-full wp-image-1126\" src=\"http:\/\/christophsebastian.de\/wp-content\/uploads\/2018\/06\/180508_1560.jpg\" alt=\"\" width=\"1200\" height=\"800\" srcset=\"https:\/\/christophsebastian.de\/wp-content\/uploads\/2018\/06\/180508_1560.jpg 1200w, https:\/\/christophsebastian.de\/wp-content\/uploads\/2018\/06\/180508_1560-300x200.jpg 300w, https:\/\/christophsebastian.de\/wp-content\/uploads\/2018\/06\/180508_1560-768x512.jpg 768w, https:\/\/christophsebastian.de\/wp-content\/uploads\/2018\/06\/180508_1560-1024x683.jpg 1024w\" sizes=\"auto, (max-width: 1200px) 100vw, 1200px\" \/> <img loading=\"lazy\" decoding=\"async\" class=\"aligncenter size-full wp-image-1121\" src=\"http:\/\/christophsebastian.de\/wp-content\/uploads\/2018\/06\/180508_0108.jpg\" alt=\"\" width=\"1200\" height=\"800\" srcset=\"https:\/\/christophsebastian.de\/wp-content\/uploads\/2018\/06\/180508_0108.jpg 1200w, https:\/\/christophsebastian.de\/wp-content\/uploads\/2018\/06\/180508_0108-300x200.jpg 300w, https:\/\/christophsebastian.de\/wp-content\/uploads\/2018\/06\/180508_0108-768x512.jpg 768w, https:\/\/christophsebastian.de\/wp-content\/uploads\/2018\/06\/180508_0108-1024x683.jpg 1024w\" sizes=\"auto, (max-width: 1200px) 100vw, 1200px\" \/> <img loading=\"lazy\" decoding=\"async\" class=\"aligncenter size-full wp-image-1122\" src=\"http:\/\/christophsebastian.de\/wp-content\/uploads\/2018\/06\/180508_0455.jpg\" alt=\"\" width=\"1200\" height=\"800\" srcset=\"https:\/\/christophsebastian.de\/wp-content\/uploads\/2018\/06\/180508_0455.jpg 1200w, https:\/\/christophsebastian.de\/wp-content\/uploads\/2018\/06\/180508_0455-300x200.jpg 300w, https:\/\/christophsebastian.de\/wp-content\/uploads\/2018\/06\/180508_0455-768x512.jpg 768w, https:\/\/christophsebastian.de\/wp-content\/uploads\/2018\/06\/180508_0455-1024x683.jpg 1024w\" sizes=\"auto, (max-width: 1200px) 100vw, 1200px\" \/> <img loading=\"lazy\" decoding=\"async\" class=\"aligncenter size-full wp-image-1123\" src=\"http:\/\/christophsebastian.de\/wp-content\/uploads\/2018\/06\/180508_0538-1.jpg\" alt=\"\" width=\"1200\" height=\"808\" srcset=\"https:\/\/christophsebastian.de\/wp-content\/uploads\/2018\/06\/180508_0538-1.jpg 1200w, https:\/\/christophsebastian.de\/wp-content\/uploads\/2018\/06\/180508_0538-1-300x202.jpg 300w, https:\/\/christophsebastian.de\/wp-content\/uploads\/2018\/06\/180508_0538-1-768x517.jpg 768w, https:\/\/christophsebastian.de\/wp-content\/uploads\/2018\/06\/180508_0538-1-1024x689.jpg 1024w\" sizes=\"auto, (max-width: 1200px) 100vw, 1200px\" \/> <img loading=\"lazy\" decoding=\"async\" class=\"aligncenter size-full wp-image-1124\" src=\"http:\/\/christophsebastian.de\/wp-content\/uploads\/2018\/06\/180508_0767.jpg\" alt=\"\" width=\"1200\" height=\"800\" srcset=\"https:\/\/christophsebastian.de\/wp-content\/uploads\/2018\/06\/180508_0767.jpg 1200w, https:\/\/christophsebastian.de\/wp-content\/uploads\/2018\/06\/180508_0767-300x200.jpg 300w, https:\/\/christophsebastian.de\/wp-content\/uploads\/2018\/06\/180508_0767-768x512.jpg 768w, https:\/\/christophsebastian.de\/wp-content\/uploads\/2018\/06\/180508_0767-1024x683.jpg 1024w\" sizes=\"auto, (max-width: 1200px) 100vw, 1200px\" \/> <img loading=\"lazy\" decoding=\"async\" class=\"aligncenter size-full wp-image-1125\" src=\"http:\/\/christophsebastian.de\/wp-content\/uploads\/2018\/06\/180508_0821-1.jpg\" alt=\"\" width=\"1200\" height=\"763\" srcset=\"https:\/\/christophsebastian.de\/wp-content\/uploads\/2018\/06\/180508_0821-1.jpg 1200w, https:\/\/christophsebastian.de\/wp-content\/uploads\/2018\/06\/180508_0821-1-300x191.jpg 300w, https:\/\/christophsebastian.de\/wp-content\/uploads\/2018\/06\/180508_0821-1-768x488.jpg 768w, https:\/\/christophsebastian.de\/wp-content\/uploads\/2018\/06\/180508_0821-1-1024x651.jpg 1024w\" sizes=\"auto, (max-width: 1200px) 100vw, 1200px\" \/> <img loading=\"lazy\" decoding=\"async\" class=\"aligncenter size-full wp-image-1127\" src=\"http:\/\/christophsebastian.de\/wp-content\/uploads\/2018\/06\/180508_2175.jpg\" alt=\"\" width=\"1200\" height=\"800\" srcset=\"https:\/\/christophsebastian.de\/wp-content\/uploads\/2018\/06\/180508_2175.jpg 1200w, https:\/\/christophsebastian.de\/wp-content\/uploads\/2018\/06\/180508_2175-300x200.jpg 300w, https:\/\/christophsebastian.de\/wp-content\/uploads\/2018\/06\/180508_2175-768x512.jpg 768w, https:\/\/christophsebastian.de\/wp-content\/uploads\/2018\/06\/180508_2175-1024x683.jpg 1024w\" sizes=\"auto, (max-width: 1200px) 100vw, 1200px\" \/> <img loading=\"lazy\" decoding=\"async\" class=\"aligncenter size-full wp-image-1128\" src=\"http:\/\/christophsebastian.de\/wp-content\/uploads\/2018\/06\/180508_2668-1.jpg\" alt=\"\" width=\"1200\" height=\"800\" srcset=\"https:\/\/christophsebastian.de\/wp-content\/uploads\/2018\/06\/180508_2668-1.jpg 1200w, https:\/\/christophsebastian.de\/wp-content\/uploads\/2018\/06\/180508_2668-1-300x200.jpg 300w, https:\/\/christophsebastian.de\/wp-content\/uploads\/2018\/06\/180508_2668-1-768x512.jpg 768w, https:\/\/christophsebastian.de\/wp-content\/uploads\/2018\/06\/180508_2668-1-1024x683.jpg 1024w\" sizes=\"auto, (max-width: 1200px) 100vw, 1200px\" \/> <img loading=\"lazy\" decoding=\"async\" class=\"aligncenter size-full wp-image-1129\" src=\"http:\/\/christophsebastian.de\/wp-content\/uploads\/2018\/06\/180508_2683-1.jpg\" alt=\"\" width=\"1200\" height=\"800\" srcset=\"https:\/\/christophsebastian.de\/wp-content\/uploads\/2018\/06\/180508_2683-1.jpg 1200w, https:\/\/christophsebastian.de\/wp-content\/uploads\/2018\/06\/180508_2683-1-300x200.jpg 300w, https:\/\/christophsebastian.de\/wp-content\/uploads\/2018\/06\/180508_2683-1-768x512.jpg 768w, https:\/\/christophsebastian.de\/wp-content\/uploads\/2018\/06\/180508_2683-1-1024x683.jpg 1024w\" sizes=\"auto, (max-width: 1200px) 100vw, 1200px\" \/> <img loading=\"lazy\" decoding=\"async\" class=\"aligncenter size-full wp-image-1130\" src=\"http:\/\/christophsebastian.de\/wp-content\/uploads\/2018\/06\/180508_2802.jpg\" alt=\"\" width=\"1200\" height=\"800\" srcset=\"https:\/\/christophsebastian.de\/wp-content\/uploads\/2018\/06\/180508_2802.jpg 1200w, https:\/\/christophsebastian.de\/wp-content\/uploads\/2018\/06\/180508_2802-300x200.jpg 300w, https:\/\/christophsebastian.de\/wp-content\/uploads\/2018\/06\/180508_2802-768x512.jpg 768w, https:\/\/christophsebastian.de\/wp-content\/uploads\/2018\/06\/180508_2802-1024x683.jpg 1024w\" sizes=\"auto, (max-width: 1200px) 100vw, 1200px\" \/><\/p>\n","protected":false},"excerpt":{"rendered":"","protected":false},"author":1,"featured_media":1122,"parent":494,"menu_order":41,"comment_status":"closed","ping_status":"closed","template":"portfolio-page.php","meta":{"_mi_skip_tracking":false,"_genesis_hide_title":false,"_genesis_hide_breadcrumbs":false,"_genesis_hide_singular_image":false,"_genesis_hide_footer_widgets":false,"_genesis_custom_body_class":"","_genesis_custom_post_class":"","_genesis_layout":"","footnotes":""},"class_list":{"0":"post-1120","1":"page","2":"type-page","3":"status-publish","4":"has-post-thumbnail","6":"entry"},"yoast_head":"<!-- This site is optimized with the Yoast SEO plugin v19.7.1 - https:\/\/yoast.com\/wordpress\/plugins\/seo\/ -->\n<title>Die Cz\u00e1rd\u00e1sf\u00fcrstin \/ Vereinigte B\u00fchnen Bozen 2018 - CHRISTOPH SEBASTIAN<\/title>\n<meta name=\"robots\" content=\"index, follow, max-snippet:-1, max-image-preview:large, max-video-preview:-1\" \/>\n<link rel=\"canonical\" href=\"https:\/\/christophsebastian.de\/?page_id=1120\" \/>\n<meta property=\"og:locale\" content=\"de_DE\" \/>\n<meta property=\"og:type\" content=\"article\" \/>\n<meta property=\"og:title\" content=\"Die Cz\u00e1rd\u00e1sf\u00fcrstin \/ Vereinigte B\u00fchnen Bozen 2018 - CHRISTOPH SEBASTIAN\" \/>\n<meta property=\"og:url\" content=\"https:\/\/christophsebastian.de\/?page_id=1120\" \/>\n<meta property=\"og:site_name\" content=\"CHRISTOPH SEBASTIAN\" \/>\n<meta property=\"article:modified_time\" content=\"2018-06-28T15:18:00+00:00\" \/>\n<meta property=\"og:image\" content=\"https:\/\/christophsebastian.de\/wp-content\/uploads\/2018\/06\/180508_0455.jpg\" \/>\n\t<meta property=\"og:image:width\" content=\"1200\" \/>\n\t<meta property=\"og:image:height\" content=\"800\" \/>\n\t<meta property=\"og:image:type\" content=\"image\/jpeg\" \/>\n<meta name=\"twitter:card\" content=\"summary_large_image\" \/>\n<script type=\"application\/ld+json\" class=\"yoast-schema-graph\">{\"@context\":\"https:\/\/schema.org\",\"@graph\":[{\"@type\":\"WebPage\",\"@id\":\"https:\/\/christophsebastian.de\/?page_id=1120\",\"url\":\"https:\/\/christophsebastian.de\/?page_id=1120\",\"name\":\"Die Cz\u00e1rd\u00e1sf\u00fcrstin \/ Vereinigte B\u00fchnen Bozen 2018 - CHRISTOPH SEBASTIAN\",\"isPartOf\":{\"@id\":\"https:\/\/christophsebastian.de\/#website\"},\"datePublished\":\"2018-06-28T10:20:43+00:00\",\"dateModified\":\"2018-06-28T15:18:00+00:00\",\"breadcrumb\":{\"@id\":\"https:\/\/christophsebastian.de\/?page_id=1120#breadcrumb\"},\"inLanguage\":\"de\",\"potentialAction\":[{\"@type\":\"ReadAction\",\"target\":[\"https:\/\/christophsebastian.de\/?page_id=1120\"]}]},{\"@type\":\"BreadcrumbList\",\"@id\":\"https:\/\/christophsebastian.de\/?page_id=1120#breadcrumb\",\"itemListElement\":[{\"@type\":\"ListItem\",\"position\":1,\"name\":\"Startseite\",\"item\":\"https:\/\/christophsebastian.de\/\"},{\"@type\":\"ListItem\",\"position\":2,\"name\":\"PHOTOGRAPHY\",\"item\":\"https:\/\/christophsebastian.de\/\"},{\"@type\":\"ListItem\",\"position\":3,\"name\":\"Theaterfotografien\",\"item\":\"https:\/\/christophsebastian.de\/?page_id=494\"},{\"@type\":\"ListItem\",\"position\":4,\"name\":\"Die Cz\u00e1rd\u00e1sf\u00fcrstin \/ Vereinigte B\u00fchnen Bozen 2018\"}]},{\"@type\":\"WebSite\",\"@id\":\"https:\/\/christophsebastian.de\/#website\",\"url\":\"https:\/\/christophsebastian.de\/\",\"name\":\"CHRISTOPH SEBASTIAN\",\"description\":\"\",\"potentialAction\":[{\"@type\":\"SearchAction\",\"target\":{\"@type\":\"EntryPoint\",\"urlTemplate\":\"https:\/\/christophsebastian.de\/?s={search_term_string}\"},\"query-input\":\"required name=search_term_string\"}],\"inLanguage\":\"de\"}]}<\/script>\n<!-- \/ Yoast SEO plugin. -->","yoast_head_json":{"title":"Die Cz\u00e1rd\u00e1sf\u00fcrstin \/ Vereinigte B\u00fchnen Bozen 2018 - CHRISTOPH SEBASTIAN","robots":{"index":"index","follow":"follow","max-snippet":"max-snippet:-1","max-image-preview":"max-image-preview:large","max-video-preview":"max-video-preview:-1"},"canonical":"https:\/\/christophsebastian.de\/?page_id=1120","og_locale":"de_DE","og_type":"article","og_title":"Die Cz\u00e1rd\u00e1sf\u00fcrstin \/ Vereinigte B\u00fchnen Bozen 2018 - CHRISTOPH SEBASTIAN","og_url":"https:\/\/christophsebastian.de\/?page_id=1120","og_site_name":"CHRISTOPH SEBASTIAN","article_modified_time":"2018-06-28T15:18:00+00:00","og_image":[{"width":1200,"height":800,"url":"https:\/\/christophsebastian.de\/wp-content\/uploads\/2018\/06\/180508_0455.jpg","type":"image\/jpeg"}],"twitter_card":"summary_large_image","schema":{"@context":"https:\/\/schema.org","@graph":[{"@type":"WebPage","@id":"https:\/\/christophsebastian.de\/?page_id=1120","url":"https:\/\/christophsebastian.de\/?page_id=1120","name":"Die Cz\u00e1rd\u00e1sf\u00fcrstin \/ Vereinigte B\u00fchnen Bozen 2018 - CHRISTOPH SEBASTIAN","isPartOf":{"@id":"https:\/\/christophsebastian.de\/#website"},"datePublished":"2018-06-28T10:20:43+00:00","dateModified":"2018-06-28T15:18:00+00:00","breadcrumb":{"@id":"https:\/\/christophsebastian.de\/?page_id=1120#breadcrumb"},"inLanguage":"de","potentialAction":[{"@type":"ReadAction","target":["https:\/\/christophsebastian.de\/?page_id=1120"]}]},{"@type":"BreadcrumbList","@id":"https:\/\/christophsebastian.de\/?page_id=1120#breadcrumb","itemListElement":[{"@type":"ListItem","position":1,"name":"Startseite","item":"https:\/\/christophsebastian.de\/"},{"@type":"ListItem","position":2,"name":"PHOTOGRAPHY","item":"https:\/\/christophsebastian.de\/"},{"@type":"ListItem","position":3,"name":"Theaterfotografien","item":"https:\/\/christophsebastian.de\/?page_id=494"},{"@type":"ListItem","position":4,"name":"Die Cz\u00e1rd\u00e1sf\u00fcrstin \/ Vereinigte B\u00fchnen Bozen 2018"}]},{"@type":"WebSite","@id":"https:\/\/christophsebastian.de\/#website","url":"https:\/\/christophsebastian.de\/","name":"CHRISTOPH SEBASTIAN","description":"","potentialAction":[{"@type":"SearchAction","target":{"@type":"EntryPoint","urlTemplate":"https:\/\/christophsebastian.de\/?s={search_term_string}"},"query-input":"required name=search_term_string"}],"inLanguage":"de"}]}},"_links":{"self":[{"href":"https:\/\/christophsebastian.de\/index.php?rest_route=\/wp\/v2\/pages\/1120","targetHints":{"allow":["GET"]}}],"collection":[{"href":"https:\/\/christophsebastian.de\/index.php?rest_route=\/wp\/v2\/pages"}],"about":[{"href":"https:\/\/christophsebastian.de\/index.php?rest_route=\/wp\/v2\/types\/page"}],"author":[{"embeddable":true,"href":"https:\/\/christophsebastian.de\/index.php?rest_route=\/wp\/v2\/users\/1"}],"replies":[{"embeddable":true,"href":"https:\/\/christophsebastian.de\/index.php?rest_route=%2Fwp%2Fv2%2Fcomments&post=1120"}],"version-history":[{"count":2,"href":"https:\/\/christophsebastian.de\/index.php?rest_route=\/wp\/v2\/pages\/1120\/revisions"}],"predecessor-version":[{"id":1132,"href":"https:\/\/christophsebastian.de\/index.php?rest_route=\/wp\/v2\/pages\/1120\/revisions\/1132"}],"up":[{"embeddable":true,"href":"https:\/\/christophsebastian.de\/index.php?rest_route=\/wp\/v2\/pages\/494"}],"wp:featuredmedia":[{"embeddable":true,"href":"https:\/\/christophsebastian.de\/index.php?rest_route=\/wp\/v2\/media\/1122"}],"wp:attachment":[{"href":"https:\/\/christophsebastian.de\/index.php?rest_route=%2Fwp%2Fv2%2Fmedia&parent=1120"}],"curies":[{"name":"wp","href":"https:\/\/api.w.org\/{rel}","templated":true}]}}